78 + 108 + -49)?
65
15 + -2 - (4 + -1) - (-103 - (-185 - -97))
25
Evaluate 9 - ((3 - 12) + 5 - -12) - (0 + 7).
-6
What is (-63 - -40) + 26 - -55 - -26?
84
What is 0 - 11 - (-6 + (-6 - -16 - 14) + -26)?
25
What is the value of 1 + 0 - (66 + -30 - (92 + -12))?
45
What is -5 + 574 + -523 + (-24 - 2)?
20
Calculate (-30 - 4) + (-26 - 33 - -28) + 47.
-18
Evaluate 66 - ((-5 - -3) + 69).
-1
What is -1 + -1 + -50 - (9022 + -9004)?
-70
Evaluate -6 + -24 + (23 - -19) + -7.
5
What is (3 - 0) + (4 - -4) + (-29 + -41 - 4)?
-63
Calculate 163 + -146 + (-34 - 15) + -16.
-48
32 - (-22 + 6 + 38 + -17)
27
What is the value of 7 - 3 - 0 - (1718 - 1585)?
-129
Calculate -48 + -87 + 41 + 78.
-16
12 + (-16 - (-55 + (-10 - (-4 - -8))))
65
What is -1 + 8 + -4 + -15 + (15 - -25)?
28
What is (-107 - 26) + (15 - (35 - 34))?
-119
Calculate (7 - (-42 - -66)) + -20.
-37
What is -33 + (-116 - -62) + 1 + -2 - -14?
-74
What is -41 + 28 + -27 + -22?
-62
What is the value of -5 + 28 + (0 - (8 - 7 - (0 - -3)))?
25
Calculate 28 + (460 - 460) + (-4 + -2 - 0).
22
What is the value of -64 + (-72 - -51) + 150?
65
What is 1 + 1 + 66 + -7 + -15?
46
Evaluate (-40 - -67 - 33) + (-2 - (-2 - 1)) + -46.
-51
(25 - -25) + 50 - (-11 + (-3 + 0 - -5))
109
Evaluate 105 + 59 - 110 - (2 + 14).
38
What is 14 + -56 - (84 - 90)?
-36
Evaluate 43 + (-3 - -12) + -29 - (21 + -6).
8
What is the value of (-16 - (-16 + 17) - 14) + -3?
-34
What is the value of 106 - (4 + 14 + -43 + 68)?
63
1 + -46 + -1 - 2 - ((-39 - 3) + 34)
-40
What is the value of -38 - (6 - (6 + -5 + 10))?
-33
Evaluate -101 + (22 - (40 - 102)).
-17
What is the value of (-18 + 16 - 56) + 14 - (5 + -1 - 3)?
-45
What is the value of -4 + (-17 + 19 - 24) - 17?
-43
Calculate (386 - 313) + -1 + -48.
24
What is -44 - (57 - (1 - -159))?
59
What is 40 - (-3 - (-11 - 0 - (50 - 61)))?
43
Evaluate 5 - 1 - (39 + -17 + -14) - (0 - -1).
-5
Evaluate (-67 - -25) + (21 - 11) + 1.
-31
Evaluate 147 - 121 - (11 - 0) - 49.
-34
13 - ((0 - 15) + (-13 - -17))
24
-20 + (0 - ((-3 - -15) + -25)) - (9 + 3)
-19
Calculate (-6 - (2 + -7 + (125 - 114)) - 14) + 3.
-23
Calculate -3269 + 3221 + 1 + (6 - 1).
-42
Evaluate -10 + (0 - -4 - (28 + -37) - 3) + -33.
-33
What is (-110 - 0) + (3215 - 3052)?
53
(-22 - -3) + (47 - (-139 + 77))
90
Calculate 49 + (-2 - 7 - (0 + 2 + -2)).
40
What is -2213 + 2216 + 4 + (-9 - -1)?
-1
Evaluate 27 + -28 + (-6 - 6 - -2).
-11
What is the value of 541 + -547 + 137 + -29?
102
What is the value of 45 - 3 - (-116 + 100 + -21)?
79
-41 + (-9 + 6 + -1 + -4 + -1 - -3)
-47
-56 + -47 + (-19 - -65)
-57
What is the value of 69 + -49 - ((-3 - -7 - -4) + -24)?
36
What is the value of -2 - (2 + -12 - (57 - 38))?
27
What is (-17 - (8 + (1 - 16))) + -27?
-37
-102 - (5 - 2 - (489 + -463))
-79
Calculate 110 - (143 + -255 + 151).
71
-228 + (286 - 92) + 0 + 50
16
53 - (-83 + 77 + 155)
-96
What is the value of -133 + 1 - (351 - 605)?
122
What is -9 - 20 - (-35 + -17 + -14)?
37
-13 + -571 + 652 + 1 + -2 + 13 - -1
81
(-8 - 29) + (-4 - 1) - (-73 + 63)
-32
What is the value of (90 - (-33 - -56)) + -74?
-7
Calculate (-5 - ((2 + -5 + -1 - -5) + -9)) + -2.
1
Calculate 18 - ((34 - 76) + 22 - 38).
76
Evaluate 9 + -74 + (3 - (-1 - (3 + 5 + -8))).
-61
What is the value of -17 + 21 + (62 - 10) + 13?
69
-12 - (-34 - (19 + -7 + 1))
35
Evaluate (-16 + -7 - -12) + 22 - (6 - 10 - -82).
-67
What is 7 + -17 + 34 - (2 + 0 + -7 + -2)?
31
9 + -2 - ((46 - (6 - -135)) + 11)
91
0 + -2 + 32 - (102 + -122)
50
Evaluate (-213 - -35) + 217 - (0 - -30).
9
Evaluate (-3 + 60 - 66) + 28.
19
Evaluate 1 + -30 - (-4500 + 4521).
-50
Calculate 79 + (-19 - (14 + -13)) - 14.
45
What is the value of -49 - -44 - (29 - (5 - 1)) - -7?
-23
Calculate 10 - 21 - (-44 - -117).
-84
Evaluate -35 - (7 - (18 - -3)).
-21
Calculate 8 - (-49 + -3 + 56).
4
What is the value of 0 - -12 - (37 + 50 + (4 - -26) + 10)?
-115
Calculate (-52 - -17 - -16) + 31 + -31.
-19
Calculate (-9 - -1) + (678 - 712) - 21.
-63
Calculate (9 - (2 - -10) - 3) + (13 - 4).
3
4 + -1 + (-293 - -290)
0
What is -5 - -3 - (-24 + 9 + (-7 - 2))?
22
(2 - -6) + (-87 + 75 - 85)
-89
What is the value of 1 + -4 + 2 + 3 + 1181 + -1189?
-6
Calculate (-23 - -1) + 0 - ((190 - 82) + -119) - -2.
-9
What is (5 - 10 - 0) + (2 - 19 - (-82 + 157))?
-97
What is the value of -8 + 44 + -40 - -1?
-3
Calculate -12 + (-5 - 1 - (-242 + 230)) + -5 + 3.
-8
What is 3 + (-2 - 2) - (-27 + (22 - 3 - -87))?
-80
-43 - -3 - 1 - (-334 + 341)
-48
-17 + (15 - 5) + 60 - (-5 - -16)
42
Calculate 5 - 0 - ((-16 + 28 - 0) + 5 + -40).
28
What is -10 + -8 + 19 - ((-3 - 3) + 12 + -128)?
123
-56 - (-77 + 172) - -76
-75
62 + 21 + (-24 - 19)
40
Calculate 3 + (-9 - -2) + (69 - (-12 + 25)).
52
Calculate 11 + 2 + (26 - (22 - (-29 - -20))).
8
What is (12 - (0 + 3) - 4) + 17 + -35 + 48?
35
What is 32 + -33 + 50 - 29?
20
What is the value of -56 + 24 + (4 - -16)?
-12
62 + -41 - 96 - (0 + -1 + -13 + 2)
-63
Calculate (1 - -8) + (-22 - -47) + -27 + 1 + -28.
-20
Calculate 8 - 2 - (55 + -51) - (-4 + -6).
12
Calculate -104 + (95 - (4 + 19)).
-32
Evaluate (25 - 34) + 0 + -6 + 0 - -58.
43
Evaluate 28 - (5 - (16 + -10) - -21).
8
Evaluate -29 - (45 - (-1 - -10)).
-65
-1 - -9 - (2 + 70 + 2) - (3 + -3)
-66
-21 + ((2 - 14) + 21 - -115)
103
Calculate 182 + -261 + 126 + (8 - -2).
57
What is the value of 655 + -662 + (-5 - 0) + 4 + -7?
-15
Evaluate (7 - 121) + 94 + 69.
49
13 + (-4 - -6) - (-2175 + 2236)
-46
Calculate 29 - (-5 - (-27 - 4 - -14)).
17
(1 - 4) + (82 - ((10 - 65) + 9 - -26))
99
Calculate (-7 - -10) + -10 - (-20 - -10 - -23).
-20
Calculate 53 - (27 - (36 + -2 - 9)).
51
Calculate ((-5 - 27) + (-30 - -44) - -14) + (0 - 38).
-42
What is (-1 - -5 - 3) + (14 + 37 + -1 - 6)?
45
What is (213 - 86 - 123) + (-31 + (0 - 0) - 0)?
-27
Calculate 1 - (-28 + 138) - -68.
-41
What is the value of 51 - (0 + -10 + 7 - -14) - (-7 + 14)?
33
Calculate 0 + (22 - 27) - -23 - (-7 + 2).
23
What is -56 + (32 - -17) - (-20 + 0)?
13
What is -198 + 108 + (18 - (4 + 1))?
-77
Evaluate (237 - 220) + (6 - (-5 + 34)) - (1 - 110).
103
(-22 - -15) + (1 + 7 - (-95 + 90))
6
Calculate (-68 - -33 - (-30 + -6)) + (-41 + 4 - 3).
-39
What is -18 + 82 + (-21 - -15) + 0 + 0?
58
88 + 24 + -130 - -8
-10
36 - 1 - (16 + (-16 - 1))
36
Evaluate 61 + 1 + -34 + (37 - 38) + 43.
70
What is the value of -15 + 11 + -110 + (0 - (7 + -5 - -5))?
-121
Calculate 111 + 108 + -207 + (-13 - 2).
-3
Evaluate 0 + 19 - (102 - (-103 - -161)).
-25
What is the value of -22 - (-54 + -86 + 58)?
60
Calculate 173 + -194 - (3 - ((67 - 1) + -2)).
40
What is the value of -75 - (-38 + -38 + 38)?
-37
Evaluate 1 + (-5 - 10) + 0 + 4 - (-73 + 10).
53
Evaluate 74 + -16 + 31 + -50.
39
-443 - -484 - ((-29 - 2) + -3)
75
Evaluate (-3 - 74 - -56) + -11.
-32
(-1 - 24 - -8) + 7 + 10 - (-75 - 11)
86
What is 1125 + -1071 - (71 - 3)?
-14
What is the value of (11 + (-7 - -6) - 74) + -120 + 139?
-45
Evaluate 25 - (10 - (5 - 6 - (-24 - 1))).
39
Evaluate 35 + (-25 + -7 + 19 - (6 + -5 - 1)).
22
Calculate 1 - -53 - (2613 - 2580) - (54 - 0).
-33
Evaluate (52 - (96 - 14)) + (-2 - -1) + 9.
-22
Calculate 2 + -13 - 8 - (-278 + 310).
-51
Calculate 9 - (14 - 5) - (-16 + (7 - 1) - 7).
17
Calculate (42 - 13) + (86 + -72 - -2).
45
Evaluate 166 + -75 + 19 - 80.
30
Evaluate 2330 - 2348 - (-1 - 14).
-3
What is (-1 - (-2 + 2) - (14 - 23) - -63) + 5?
76
Evaluate -2 - -6 - -2 - 30 - 11 - (-3 - -2).
-34
Calculate (-18 - -27 - (14 + 4 + -4 + 2)) + 40.
33
Calculate (-17 + (-12 - -74) - -2 - 14) + -8.
25
What is (11 - (9 - 5)) + (6 + -18 - -12)?
7
What is the value of -37 - (-50 + 1 - -96)?
-84
What is the value of -10 - (12 - 30) - (2 - -5)?
1
What is the value of -53 + (-4 + -8 + 7 - (-5 - -2 - 3))?
-52
Evaluate -48 - 1 - (7314 + -7403).
40
Evaluate -3 + -1 + -15 + 8 + (3 - 2) + 1.
-9
Evaluate -59 + -21 + 76 + 31.
27
Calculate (-40 + 63 - -31) + -60.
-6
Evaluate (2 - -5) + (27 - (28 + -93 - -5)) + 5.
99
Calculate -33 + 19 + (-22 - 17) + 2.
-51
Calculate -49 - (31 + -19 + -26 - (7 + 1) - -11).
-38
Calculate 9 + (2 - -2) - (30 + (-5 - -11)).
-23
What is -63 - (79 - (-56 - -164))?
-34
(2 - 3) + -1 - (-332 + 332)
-2
(786 - 777) + (1 - (-1 - (-3 + 1))) - -17
26
Calculate -39 - -19 - (0 - (1 - 2) - 3).
-18
What is (9 + (3 - 8) - 23) + 50 + -30 + -17?
-16
What is the value of 15 + -15 + -10 - (-30 + 18 + -6)?
8
-1 + (0 - 0) - (-16000 -